22 = -4*w - 3*d. Let u(n) = n**3 + 9*n**2 - 7*n + 4. Give u(w).
-26
Let t(z) = -z**2 - 5*z - 114. Let c be t(0). Let o(x) = -10*x + 5. Let l be o(12). Let v = l - c. Let q(r) = 10*r**3 - 1. Determine q(v).
-11
Suppose -62*n + 65*n - 5*d = -36, -d + 10 = -2*n. Let b(w) = w**3 + 4*w**2 + 4*w + 9. Calculate b(n).
9
Suppose 3*y = q - 54, 2*y - 22*q + 44 = -24*q. Let k(f) = -3*f - 50. Determine k(y).
7
Let a(y) = -2*y**3 - 7*y**2 - y + 3. Let m = -811 - -808. Let p be a(m). Let b(z) = 4*z**2 + 5*z + 4. What is b(p)?
25
Suppose 65 = 5*d + 5. Let h(r) = -d - 1 + 4 + 1 - 4*r. Give h(-4).
8
Suppose 337*j = 327*j + 4 + 36. Let g(l) = 6*l**3 - 4*l**2 + 5*l - 5. Let f(b) = -7*b**3 + 4*b**2 - 6*b + 5. Let y(t) = -5*f(t) - 6*g(t). Determine y(j).
5
Let i(x) = 0*x**2 - 6*x**2 - 95109*x**3 + 12*x**2 + 35 + 95108*x**3. Give i(7).
-14
Let q = -23 + 38. Let l(o) be the third derivative of -o**4/24 + 3*o**3/2 + 143*o**2 + o. Calculate l(q).
-6
Let h(o) = -4*o**3 - 52*o**2 - 3*o - 33. Let n(i) = i**3 + 2*i**2 - 14*i - 8. Let f be n(-5). Let j be h(f). Let c(p) = p**2 - 5*p - 5. What is c(j)?
1
Let v(y) be the third derivative of y**4/24 - 11*y**3/2 + 7*y**2 + y - 15. Determine v(30).
-3
Let q = -2836 + 2836. Let h(o) = -o**3 + 7*o - 2. Give h(q).
-2
Let l(g) = -10*g + 107 - 35 + g. Let o be l(8). Let q(s) = s**2 + 1. What is q(o)?
1
Suppose -3*h = -5*o - 2 + 21, -4*o = -5*h - 10. Let l(u) = -9*u - u**3 + 6*u**2 - o*u**2 + 4 - 6 - 11*u**2. Give l(-9).
-2
Let f(p) = -47*p - 5. Let l be f(-4). Let x(r) = -l*r**2 - 167*r**2 + 374*r**2. Give x(-1).
24
Let r(x) = -3*x**3 - 2*x**2 + 2*x + 2. Let z be r(-1). Let j be ((-5 - -14) + 4)/z. Let u(o) = o**2 - 11*o - 15. What is u(j)?
11
Let f(l) = 7*l - 1. Let w(q) = -8*q + 3. Let x(s) = -4*f(s) - 3*w(s). Determine x(-5).
15
Let r be (24/15)/(-4)*10/(-2). Suppose -20 = 6*i - r*i. Let j(x) be the third derivative of -x**6/120 - x**5/12 - x**3/6 + x**2. What is j(i)?
-1
Let c(s) = s**3 + 13*s**2 - 13*s + 9. Let l(i) = 2*i**2 + 47*i + 27. Let y be l(-23). Suppose 2*n = y*m + 2 + 52, 3*m - 5*n = -37. What is c(m)?
-5
Let w(m) = -1 + 56*m**2 - 55*m**2 - 2*m - 4*m. Let t(a) = -4*a**2 + 18*a + 4. Let y(p) = -2*t(p) - 7*w(p). What is y(-7)?
6
Let i(c) = -c**3 + 8*c**2 - 8*c + 8. Let v(p) = 36*p + 4. Let g(r) = r - 1. Let o(m) = 2*g(m) - v(m). Let y be o(-1). Suppose 0*z - y = -4*z. Give i(z).
1
Let s(p) = 98*p**2 - 4*p - 3. Let t be (-2)/((-128)/24) + (-165)/120. Determine s(t).
99
Suppose -3*m + 6*m = -r - 11, -5*m - 37 = 3*r. Let d = -10 - r. Let f(j) = 2*j - 153. Let t(z) = 5*z - 344. Let l(u) = -9*f(u) + 4*t(u). What is l(d)?
9
Let i(a) = -2*a**2 - 31*a - 42. Suppose 0 = 59*p - 56*p + 9, -p + 9 = -s. Determine i(s).
42
Let i be 1*3 + 1 + -3 + -1. Let c be (i/1 + (-7)/(-21))*6. Let o(y) = -4 - 31*y**c + 0*y - 4*y**3 + 29*y**2 - 4*y + 5*y**3. Give o(4).
12
Suppose 183*s + 103*s = -25*s - 4043. Let g(f) = f**3 + 14*f**2 + 15*f - 2. Determine g(s).
-28
Let k(m) = m**3 - 6*m**2 + 5*m + 7. Let u be k(4). Let x(t) = 48*t + 246. Let g be x(u). Let a(q) = q**2 - 5*q - 6. Calculate a(g).
0
Suppose 134*w + 6 = 137*w. Let h(t) = -t**2 - t - 2. Give h(w).
-8
Let j(k) = k**2 + 8*k + 7. Suppose -p + 9 - 4 = 0. Suppose 0 = 5*o + 15, d + p*o = -3*d + 1. Suppose -d*r - 10 = 10. What is j(r)?
-8
Let c be -2*(-1)/(-5)*15. Let q(y) = 10*y - 81. Let m be q(9). Let d(k) = 8*k**3 - 2*k**3 - 12*k**3 - 8*k + 2*k**3 - 7*k**2 + 3*k**3 - m. Calculate d(c).
3
Let j(q) = -2 - 5*q - 2 - 4*q**2 + 8*q - q**3. Suppose x = -2*v - 5, 5*v + 77*x = 73*x - 11. Calculate j(v).
-22
Let x(c) be the second derivative of -c**4/12 + 2*c**2 - c. Let m be 15/(2 - 5)*((-817)/95 - -8). What is x(m)?
-5
Let t(p) = p**3 - 29*p**2 - 63*p + 34. Let i be t(31). Let y(o) = -o**2. Let l(c) = 4*c**2 + c - 29. Let h(g) = i*y(g) + l(g). What is h(0)?
-29
Let i(s) = -34*s**2 - 1. Let b(q) = -10*q - 57. Let a be b(10). Let u = a + 158. Calculate i(u).
-35
Let r(d) = -397*d + 189*d + 205*d - 24. Give r(6).
-42
Let v(c) = -6*c - 2. Suppose 11 + 55 = 4*o - 2*k, 5*o - 4*k = 78. Let a = o - 33. Let i be ((-6)/a)/(2/(-10)). What is v(i)?
10
Let r(f) = f**2 - 2122*f + 6342*f - 8 - 2118*f - 2113*f. Determine r(14).
34
Let i be 119/(-20) + 7 + -1 + 0. Let b(v) be the second derivative of -24*v - 3/2*v**3 - 1/2*v**4 + 1/2*v**2 + i*v**5 + 0. Determine b(7).
-13
Let v(n) = 3*n**2 - 4*n. Suppose 112 = 4*g - 2*j, -3*g + 12*j + 102 = 15*j. Suppose 55*z + g = 65*z. Calculate v(z).
15
Let y(x) = -76*x - 1. Let m(n) = -847*n + 66. Let w(j) = m(j) - 11*y(j). Determine w(7).
0
Let w(b) = -301*b**2 - 3*b - 324*b**2 + 5 + 618*b**2. Give w(2).
-29
Let b = -16 - -6. Suppose -6*r + 11*r = 60. Let m(q) = -38*q + 16*q + 8 + r*q + 11*q. Calculate m(b).
-2
Let k(x) = -x - 5. Suppose z - 11*i + 13*i = -1035, z = -i - 1035. Let a = -1038 - z. Give k(a).
-2
Let x(y) = -7*y**2 + 168*y + 2. Let s = -18877 - -18901. Give x(s).
2
Let z be ((1 - (-4)/(-6)) + 1)/(10/15). Let m(r) be the second derivative of 0 + 1/2*r**z + 5/6*r**3 - r. Determine m(-3).
-14
Let c(r) = r**3 + 13*r**2 + r + 4. Suppose 0 = 16*v - 75 - 21. Suppose -v*d - 212 = -134. Calculate c(d).
-9
Suppose a - 2*a = -10. Suppose 13 = y + 11. Let f(v) = -11 + 2*v + 0*v**y + 9*v - v**2. What is f(a)?
-1
Let h = 31 - -9. Suppose 5*v - 46 = -4*p, -4*v + 0*v = 4*p - h. Let o(d) = -d**2 + 5*d + 7. What is o(v)?
1
Let r(j) = -8*j**2 - 8*j + 3. Let t(l) = -11 - 7 + l + 3*l**2 - 15 - 13 + 47. Let m(w) = -r(w) - 3*t(w). Calculate m(5).
-6
Let k = 14 - 15. Let j(v) = 2*v + 5. Let g be j(-6). Let y(z) = -3*z**2 - 1. Let n(u) = 2*u**2 + 1. Let c(a) = g*n(a) - 6*y(a). Calculate c(k).
3
Let v(i) = 136 + 19 + 13*i + 8 - 17 - i**2 + i. Determine v(21).
-1
Let t = -269 - -277. Let f(l) be the first derivative of -l**3/6 + 7*l**2/2 + 3*l - 5. Let s(g) be the first derivative of f(g). Calculate s(t).
-1
Let m(h) = -h**3 + h - 2. Let t be m(2). Let f = t + 2. Let p(x) = -2*x + 1. Let j(o) = -o**3 - 6*o**2 - 5*o + 6. Let c(g) = -j(g) + 4*p(g). Determine c(f).
16
Let x(f) = -49*f - 36. Let p(s) = -32*s - 23. Let i(v) = -7*p(v) + 5*x(v). Calculate i(6).
-145
Let s(v) be the first derivative of -v**4/4 + 11*v**3/3 + 13*v**2 + 12*v + 6231. What is s(13)?
12
Let v(t) = -38*t - 3. Let m be v(-1). Suppose -11*h = -46 + m. Let u(b) = 13*b**2 - 7*b - 4. Let p(n) = n**2 - n - 1. Let k(r) = 5*p(r) - u(r). What is k(h)?
-7
Let w be 1*(-2)/(-6) - 46/(-6). Let o(d) = -12*d + 100. Calculate o(w).
4
Suppose -g = 3*a - 14, 0 = 80*g - 81*g + 5*a + 6. Let j(f) = 2*f**2 - 19*f + 31. What is j(g)?
64
Let u be ((-61)/(1342/(-132)))/((-24)/(-2)). Let t(w) be the second derivative of -u*w**2 + 0 + 35*w + 1/6*w**3. Calculate t(5).
4
Let d be (76 + -74)/((4/(-570))/(-1)). Let a(h) = -284*h - 5 - 2 + d*h. What is a(-8)?
-15
Let i(s) be the third derivative of -s**5/15 - 185*s**4/24 - 5*s**3 - 11055*s**2. What is i(-46)?
16
Let n(d) = -d**3 + 5*d**2 + 66*d + 7. Let x be n(-6). Let a(b) = -3*b + 24. Determine a(x).
3
Let b(x) be the second derivative of -x**8/6720 - x**7/630 - x**6/720 - x**5/120 - 7*x**4/12 + 85*x. Let q(l) be the third derivative of b(l). Determine q(-3).
-7
Let m(c) be the third derivative of c**4/24 - 7*c**3/6 - 50*c**2. Calculate m(1).
-6
Let w(i) = -14 - 87407*i + 87409*i - 8. What is w(-8)?
-38
Let x(p) = -p**2 - 5*p + 49. Let q be (-924)/770 + (-39)/5. Give x(q).
13
Let m(f) = -7*f**2 - 14*f - 7. Let x = 8118 - 8122. Calculate m(x).
-63
Let g(q) = -5*q - 48. Suppose 110*u + 378 = -149 - 353. Give g(u).
-8
Let y(s) = 10*s + s - 3*s - 20 - 17 + 29. What is y(3)?
16
Let o be (-16)/(-32)*-32 - 10. Let k(z) = 3*z + 86. Give k(o).
8
Let t be 4/(-12) - 20/3. Let m(v) = -2*v**2 - 3 + 0*v**2 - 286*v + 0 + v**2 + 279*v. Determine m(t).
-3
Let c(f) = -f**3 - f**2 + f + 9. Let k be c(0). Let u be (-4)/(12/k)*-1. Let d(s) = -14*s - 4 + 90*s - 7*s - 4*s - 61*s. Determine d(u).
8
Let n(y) = -2*y + 33. Suppose j - 3 = 27*i - 24*i, 5*i = 4*j - 5. What is n(j)?
33
Suppose l + 9 = 4*l. Let i(t) = -6*t**3 + 14*t**3 - 9*t**l - 2. Suppose -272*v = -293*v + 42. What is i(v)?
-10
Let y(l) = l**3 + 9*l**2 + 4*l - 4. Let r be y(-8). Let p(n) = -73*n + 74*n - 31 + r. Calculate p(-9).
-12
Suppose -5*m + 7 = -2*z - 368, -3*z - 15 = 0. Let u = m - 74. Let h(i) = 0 - 4 + 0 + 7*i + 5. What is h(u)?
-6
Let f(x) = 4*x